{"id":104,"date":"2020-11-08T11:47:37","date_gmt":"2020-11-08T11:47:37","guid":{"rendered":"https:\/\/bslthemes.site\/sochi\/?page_id=104"},"modified":"2022-01-15T17:16:16","modified_gmt":"2022-01-15T17:16:16","slug":"about-us","status":"publish","type":"page","link":"https:\/\/casanobila.ro\/?page_id=104","title":{"rendered":"About Us"},"content":{"rendered":"\t\t<div data-elementor-type=\"wp-page\" data-elementor-id=\"104\" class=\"elementor elementor-104\" data-elementor-settings=\"[]\">\n\t\t\t\t\t\t\t<div class=\"elementor-section-wrap\">\n\t\t\t\t\t\t\t<section class=\"elementor-section elementor-top-section elementor-element elementor-element-4cdb965 elementor-section-full_width elementor-section-height-default elementor-section-height-default\" data-id=\"4cdb965\" data-element_type=\"section\">\n\t\t\t\t\t\t<div class=\"elementor-container elementor-column-gap-no\">\n\t\t\t\t\t<div class=\"elementor-column elementor-col-100 elementor-top-column elementor-element elementor-element-0adc365\" data-id=\"0adc365\" data-element_type=\"column\">\n\t\t\t<div class=\"elementor-widget-wrap elementor-element-populated\">\n\t\t\t\t\t\t\t\t<div class=\"elementor-element elementor-element-1901c0a elementor-align-left elementor-widget elementor-widget-sochi-intro\" data-id=\"1901c0a\" data-element_type=\"widget\" data-widget_type=\"sochi-intro.default\">\n\t\t\t\t<div class=\"elementor-widget-container\">\n\t\t\t\n\t\t<!-- Intro -->\n\t\t<section class=\"intro\">\n\t\t    <div class=\"intro__bg-wrap\">\n\t\t    \t\t\t        <div class=\"overlay intro__bg js-image js-parallax\" data-image=\"https:\/\/casanobila.ro\/wp-content\/uploads\/2022\/01\/locjoaca1-1.jpg\"><\/div>\n\t\t        \t\t\t<\/div>\n\t        <div class=\"container intro__container\">\n\t\t        <div class=\"row h-100 align-items-center\">\n\t\t\t        <div class=\"col-12 col-md-12 col-xl-8\">\n\t\t\t\t        \t\t                \t\t                \t\t\t\t    <\/div>\n                <\/div>\t\t\t\t\n\t\t    <\/div>\n\t\t    \t\t    <!-- Scroll To -->\n\t\t    <a class=\"scroll-to\" href=\"http:\/\/!#about\">Scroll<span class=\"scroll-to__line\"><\/span><\/a>\n\t\t    \t    <\/section>\n\t    <!-- \/Intro -->\n\n\t    \n\t\t\t\t<\/div>\n\t\t\t\t<\/div>\n\t\t\t\t\t<\/div>\n\t\t<\/div>\n\t\t\t\t\t\t\t<\/div>\n\t\t<\/section>\n\t\t\t\t<section class=\"elementor-section elementor-top-section elementor-element elementor-element-788b3ca elementor-section-full_width elementor-section-height-default elementor-section-height-default\" data-id=\"788b3ca\" data-element_type=\"section\">\n\t\t\t\t\t\t<div class=\"elementor-container elementor-column-gap-no\">\n\t\t\t\t\t<div class=\"elementor-column elementor-col-100 elementor-top-column elementor-element elementor-element-1e3a7c1\" data-id=\"1e3a7c1\" data-element_type=\"column\">\n\t\t\t<div class=\"elementor-widget-wrap elementor-element-populated\">\n\t\t\t\t\t\t\t\t<div class=\"elementor-element elementor-element-0700a6c elementor-widget elementor-widget-sochi-bottom-contact-info\" data-id=\"0700a6c\" data-element_type=\"widget\" data-widget_type=\"sochi-bottom-contact-info.default\">\n\t\t\t\t<div class=\"elementor-widget-container\">\n\t\t\t\n\t\t<!-- Contact info -->\n\t\t<div class=\"bottom-panel height-md-auto\">\n\t\t    <div class=\"bottom-panel__wrap\">\n\t\t\t    <div class=\"row h-100 align-items-center\">\n\t\t\t\t    <div class=\"col-12\">\n\t\t\t\t\t    <div class=\"row \">\n                            <div class=\"col-12 col-md-6 col-lg-4 mb-2 mb-sm-4 mb-md-0\">\n                            \t\t\t\t\t\t\t\t    <div class=\"bottom-panel-title\">\n\t\t\t\t\t\t\t    \t<span >Solicit\u0103-ne o ofert\u0103 personalizat\u0103<\/span>\n\t\t\t\t\t\t\t    <\/div>\n\t\t\t\t\t\t\t    \t\t\t\t\t\t\t    \t\t\t\t\t\t\t\t<span class=\"bottom-panel-info\">\n\t\t\t\t\t\t\t\t\t<span >contact@casanobila.ro<\/span>\n\t\t\t\t\t\t\t\t<\/span>\n\t\t\t\t\t\t\t\t\t\t\t\t\t\t\t<\/div>\n\t\t\t\t            <div class=\"col-12 col-md-6 col-lg-4 mb-2 mb-sm4 mb-md-0\">\n\t\t\t\t\t\t\t    \t\t\t\t\t\t\t    <div class=\"bottom-panel-title\">\n\t\t\t\t\t\t\t    \t<span >Pensiunea se poate inchiria complet<\/span>\n\t\t\t\t\t\t\t    <\/div>\n\t\t\t\t\t\t\t    \t\t\t\t\t\t\t    \t\t\t\t\t\t\t\t<span class=\"bottom-panel-info\">\n\t\t\t\t\t\t\t\t\t<span >0756 911 984<\/span>\n\t\t\t\t\t\t\t\t<\/span>\n\t\t\t\t\t\t\t\t\t\t\t\t\t\t\t<\/div>\n\t\t\t\t\t\t<\/div>\n\t\t\t\t\t<\/div>\n\t\t\t\t<\/div>\n\t\t\t<\/div>\n\t\t<\/div>\t\n\t    <!-- \/Contact info -->\n\n\t\t\t\t<\/div>\n\t\t\t\t<\/div>\n\t\t\t\t\t<\/div>\n\t\t<\/div>\n\t\t\t\t\t\t\t<\/div>\n\t\t<\/section>\n\t\t\t\t<section class=\"elementor-section elementor-top-section elementor-element elementor-element-1451799 elementor-section-full_width elementor-section-height-default elementor-section-height-default\" data-id=\"1451799\" data-element_type=\"section\">\n\t\t\t\t\t\t<div class=\"elementor-container elementor-column-gap-no\">\n\t\t\t\t\t<div class=\"elementor-column elementor-col-100 elementor-top-column elementor-element elementor-element-ef10381\" data-id=\"ef10381\" data-element_type=\"column\">\n\t\t\t<div class=\"elementor-widget-wrap elementor-element-populated\">\n\t\t\t\t\t\t\t\t<div class=\"elementor-element elementor-element-c8dc4a5 elementor-align-left elementor-widget elementor-widget-sochi-intro-text\" data-id=\"c8dc4a5\" data-element_type=\"widget\" data-widget_type=\"sochi-intro-text.default\">\n\t\t\t\t<div class=\"elementor-widget-container\">\n\t\t\t\n\t\t<!-- Section About Us -->\n\t    <section id=\"about\" class=\"container section\">\n\t        <div class=\"row\">\n\t        \t\t\t        <div class=\"col-12 col-lg-5\">\n\t\t\t        \t\t\t        \t\t\t        <h2 class=\"title title--h1 js-lines\">\n\t\t\t        \t<span >Facilit\u0103\u021bi<\/span>\n\t\t\t        <\/h2>\n\t\t\t        \t\t\t    <\/div>\n\t\t\t    \t\t\t    \t\t    <\/div>\n\t\t<\/section>\n\n\t\t\t\t<\/div>\n\t\t\t\t<\/div>\n\t\t\t\t\t<\/div>\n\t\t<\/div>\n\t\t\t\t\t\t\t<\/div>\n\t\t<\/section>\n\t\t\t\t<section class=\"elementor-section elementor-top-section elementor-element elementor-element-08c3c50 elementor-section-full_width elementor-section-height-default elementor-section-height-default\" data-id=\"08c3c50\" data-element_type=\"section\">\n\t\t\t\t\t\t<div class=\"elementor-container elementor-column-gap-no\">\n\t\t\t\t\t<div class=\"elementor-column elementor-col-100 elementor-top-column elementor-element elementor-element-5081398\" data-id=\"5081398\" data-element_type=\"column\">\n\t\t\t<div class=\"elementor-widget-wrap elementor-element-populated\">\n\t\t\t\t\t\t\t\t<div class=\"elementor-element elementor-element-548b667 elementor-widget elementor-widget-sochi-images-carousel\" data-id=\"548b667\" data-element_type=\"widget\" data-widget_type=\"sochi-images-carousel.default\">\n\t\t\t\t<div class=\"elementor-widget-container\">\n\t\t\t\t\t\n\t\t\n\t\t\t\t<\/div>\n\t\t\t\t<\/div>\n\t\t\t\t<div class=\"elementor-element elementor-element-129719b elementor-widget elementor-widget-sochi-approach\" data-id=\"129719b\" data-element_type=\"widget\" data-widget_type=\"sochi-approach.default\">\n\t\t\t\t<div class=\"elementor-widget-container\">\n\t\t\t\t    \n\t\t<!-- Section Approach -->\n\t    <section class=\"container section\">\n\t    \t\n\t\t\t\t\t\t\t\t\t<!-- Item Approach -->\n\t\t\t<div class=\"row item-approach\" data-approach=\"01\">\n\t\t        <div class=\"col-12 col-lg-6\">\n\t\t\t        \t\t\t        <h3 class=\"title title--h3 js-lines\">\n\t\t\t        \t<span >Express checkin<\/span>\n\t\t\t        <\/h3>\n\t\t\t        \t\t\t    <\/div>\n\t\t\t\t<div class=\"col-12 col-lg-6\">\n\t\t\t\t\t\t\t\t\t    <div class=\"paragraph js-scroll-show\">\n\t\t\t\t    \t<div ><pre><img loading=\"lazy\" class=\"alignnone size-full wp-image-3202\" src=\"https:\/\/casanobila.ro\/wp-content\/uploads\/2022\/01\/photo_produits_erable_sirop.jpg\" alt=\"\" width=\"600\" height=\"400\" srcset=\"https:\/\/casanobila.ro\/wp-content\/uploads\/2022\/01\/photo_produits_erable_sirop.jpg 600w, https:\/\/casanobila.ro\/wp-content\/uploads\/2022\/01\/photo_produits_erable_sirop-300x200.jpg 300w\" sizes=\"(max-width: 600px) 100vw, 600px\" \/><\/pre><\/div>\n\t\t\t\t    <\/div>\n\t\t\t\t    \t\t\t\t<\/div>\n\t\t\t<\/div>\n\t\t\t\t\t\t<!-- Item Approach -->\n\t\t\t<div class=\"row item-approach\" data-approach=\"02\">\n\t\t        <div class=\"col-12 col-lg-6\">\n\t\t\t        \t\t\t        <h3 class=\"title title--h3 js-lines\">\n\t\t\t        \t<span >Parcare supravegheata video<\/span>\n\t\t\t        <\/h3>\n\t\t\t        \t\t\t    <\/div>\n\t\t\t\t<div class=\"col-12 col-lg-6\">\n\t\t\t\t\t\t\t\t\t    <div class=\"paragraph js-scroll-show\">\n\t\t\t\t    \t<div ><p><img loading=\"lazy\" class=\"alignnone wp-image-1621\" src=\"https:\/\/casanobila.ro\/wp-content\/uploads\/2022\/01\/tren.jpg\" alt=\"\" width=\"879\" height=\"400\" \/><\/p><\/div>\n\t\t\t\t    <\/div>\n\t\t\t\t    \t\t\t\t<\/div>\n\t\t\t<\/div>\n\t\t\t\t\t\t<!-- Item Approach -->\n\t\t\t<div class=\"row item-approach\" data-approach=\"03\">\n\t\t        <div class=\"col-12 col-lg-6\">\n\t\t\t        \t\t\t        <h3 class=\"title title--h3 js-lines\">\n\t\t\t        \t<span >Acces la bucatarie<\/span>\n\t\t\t        <\/h3>\n\t\t\t        \t\t\t    <\/div>\n\t\t\t\t<div class=\"col-12 col-lg-6\">\n\t\t\t\t\t\t\t\t\t    <div class=\"paragraph js-scroll-show\">\n\t\t\t\t    \t<div ><p><img loading=\"lazy\" class=\"alignnone size-full wp-image-1632\" src=\"https:\/\/casanobila.ro\/wp-content\/uploads\/2022\/01\/autobuz.jpg\" alt=\"\" width=\"600\" height=\"400\" srcset=\"https:\/\/casanobila.ro\/wp-content\/uploads\/2022\/01\/autobuz.jpg 600w, https:\/\/casanobila.ro\/wp-content\/uploads\/2022\/01\/autobuz-300x200.jpg 300w\" sizes=\"(max-width: 600px) 100vw, 600px\" \/><\/p><\/div>\n\t\t\t\t    <\/div>\n\t\t\t\t    \t\t\t\t<\/div>\n\t\t\t<\/div>\n\t\t\t\t\t\t<!-- Item Approach -->\n\t\t\t<div class=\"row item-approach\" data-approach=\"04\">\n\t\t        <div class=\"col-12 col-lg-6\">\n\t\t\t        \t\t\t        <h3 class=\"title title--h3 js-lines\">\n\t\t\t        \t<span >Frigider<\/span>\n\t\t\t        <\/h3>\n\t\t\t        \t\t\t    <\/div>\n\t\t\t\t<div class=\"col-12 col-lg-6\">\n\t\t\t\t\t\t\t\t\t    <div class=\"paragraph js-scroll-show\">\n\t\t\t\t    \t<div ><p><img loading=\"lazy\" class=\"alignnone size-full wp-image-1623\" src=\"https:\/\/casanobila.ro\/wp-content\/uploads\/2022\/01\/taxi.jpg\" alt=\"\" width=\"600\" height=\"400\" srcset=\"https:\/\/casanobila.ro\/wp-content\/uploads\/2022\/01\/taxi.jpg 600w, https:\/\/casanobila.ro\/wp-content\/uploads\/2022\/01\/taxi-300x200.jpg 300w\" sizes=\"(max-width: 600px) 100vw, 600px\" \/><\/p><\/div>\n\t\t\t\t    <\/div>\n\t\t\t\t    \t\t\t\t<\/div>\n\t\t\t<\/div>\n\t\t\t\t\t\t<!-- Item Approach -->\n\t\t\t<div class=\"row item-approach\" data-approach=\"05\">\n\t\t        <div class=\"col-12 col-lg-6\">\n\t\t\t        \t\t\t        <h3 class=\"title title--h3 js-lines\">\n\t\t\t        \t<span >Crama<\/span>\n\t\t\t        <\/h3>\n\t\t\t        \t\t\t    <\/div>\n\t\t\t\t<div class=\"col-12 col-lg-6\">\n\t\t\t\t\t\t\t\t\t    <div class=\"paragraph js-scroll-show\">\n\t\t\t\t    \t<div ><p><img loading=\"lazy\" class=\"alignnone size-full wp-image-1628\" src=\"https:\/\/casanobila.ro\/wp-content\/uploads\/2022\/01\/crama.jpg\" alt=\"\" width=\"600\" height=\"400\" srcset=\"https:\/\/casanobila.ro\/wp-content\/uploads\/2022\/01\/crama.jpg 600w, https:\/\/casanobila.ro\/wp-content\/uploads\/2022\/01\/crama-300x200.jpg 300w\" sizes=\"(max-width: 600px) 100vw, 600px\" \/><\/p><\/div>\n\t\t\t\t    <\/div>\n\t\t\t\t    \t\t\t\t<\/div>\n\t\t\t<\/div>\n\t\t\t\t\t\t<!-- Item Approach -->\n\t\t\t<div class=\"row item-approach\" data-approach=\"06\">\n\t\t        <div class=\"col-12 col-lg-6\">\n\t\t\t        \t\t\t        <h3 class=\"title title--h3 js-lines\">\n\t\t\t        \t<span >Ferma proprie<\/span>\n\t\t\t        <\/h3>\n\t\t\t        \t\t\t    <\/div>\n\t\t\t\t<div class=\"col-12 col-lg-6\">\n\t\t\t\t\t\t\t\t\t    <div class=\"paragraph js-scroll-show\">\n\t\t\t\t    \t<div ><p><img loading=\"lazy\" class=\"alignnone size-full wp-image-1626\" src=\"https:\/\/casanobila.ro\/wp-content\/uploads\/2022\/01\/ferma_.jpg\" alt=\"\" width=\"600\" height=\"400\" srcset=\"https:\/\/casanobila.ro\/wp-content\/uploads\/2022\/01\/ferma_.jpg 600w, https:\/\/casanobila.ro\/wp-content\/uploads\/2022\/01\/ferma_-300x200.jpg 300w\" sizes=\"(max-width: 600px) 100vw, 600px\" \/><\/p><\/div>\n\t\t\t\t    <\/div>\n\t\t\t\t    \t\t\t\t<\/div>\n\t\t\t<\/div>\n\t\t\t\t\t\t<!-- Item Approach -->\n\t\t\t<div class=\"row item-approach\" data-approach=\"07\">\n\t\t        <div class=\"col-12 col-lg-6\">\n\t\t\t        \t\t\t        <h3 class=\"title title--h3 js-lines\">\n\t\t\t        \t<span >TV in camera<\/span>\n\t\t\t        <\/h3>\n\t\t\t        \t\t\t    <\/div>\n\t\t\t\t<div class=\"col-12 col-lg-6\">\n\t\t\t\t\t\t\t\t\t    <div class=\"paragraph js-scroll-show\">\n\t\t\t\t    \t<div ><p><img loading=\"lazy\" class=\"alignnone size-full wp-image-1630\" src=\"https:\/\/casanobila.ro\/wp-content\/uploads\/2022\/01\/cablu.jpg\" alt=\"\" width=\"600\" height=\"400\" srcset=\"https:\/\/casanobila.ro\/wp-content\/uploads\/2022\/01\/cablu.jpg 600w, https:\/\/casanobila.ro\/wp-content\/uploads\/2022\/01\/cablu-300x200.jpg 300w\" sizes=\"(max-width: 600px) 100vw, 600px\" \/><\/p><\/div>\n\t\t\t\t    <\/div>\n\t\t\t\t    \t\t\t\t<\/div>\n\t\t\t<\/div>\n\t\t\t\t\t\t<!-- Item Approach -->\n\t\t\t<div class=\"row item-approach\" data-approach=\"08\">\n\t\t        <div class=\"col-12 col-lg-6\">\n\t\t\t        \t\t\t        <h3 class=\"title title--h3 js-lines\">\n\t\t\t        \t<span >Pat bebe<\/span>\n\t\t\t        <\/h3>\n\t\t\t        \t\t\t    <\/div>\n\t\t\t\t<div class=\"col-12 col-lg-6\">\n\t\t\t\t\t\t\t\t\t    <div class=\"paragraph js-scroll-show\">\n\t\t\t\t    \t<div ><p><img loading=\"lazy\" class=\"alignnone size-full wp-image-1629\" src=\"https:\/\/casanobila.ro\/wp-content\/uploads\/2022\/01\/bebe.jpg\" alt=\"\" width=\"600\" height=\"400\" srcset=\"https:\/\/casanobila.ro\/wp-content\/uploads\/2022\/01\/bebe.jpg 600w, https:\/\/casanobila.ro\/wp-content\/uploads\/2022\/01\/bebe-300x200.jpg 300w\" sizes=\"(max-width: 600px) 100vw, 600px\" \/><\/p><\/div>\n\t\t\t\t    <\/div>\n\t\t\t\t    \t\t\t\t<\/div>\n\t\t\t<\/div>\n\t\t\t\t\t\t<!-- Item Approach -->\n\t\t\t<div class=\"row item-approach\" data-approach=\"09\">\n\t\t        <div class=\"col-12 col-lg-6\">\n\t\t\t        \t\t\t        <h3 class=\"title title--h3 js-lines\">\n\t\t\t        \t<span >Internet wireless<\/span>\n\t\t\t        <\/h3>\n\t\t\t        \t\t\t    <\/div>\n\t\t\t\t<div class=\"col-12 col-lg-6\">\n\t\t\t\t\t\t\t\t\t    <div class=\"paragraph js-scroll-show\">\n\t\t\t\t    \t<div ><p><img loading=\"lazy\" class=\"alignnone size-full wp-image-1620\" src=\"https:\/\/casanobila.ro\/wp-content\/uploads\/2022\/01\/wifi.jpg\" alt=\"\" width=\"770\" height=\"513\" srcset=\"https:\/\/casanobila.ro\/wp-content\/uploads\/2022\/01\/wifi.jpg 770w, https:\/\/casanobila.ro\/wp-content\/uploads\/2022\/01\/wifi-300x200.jpg 300w, https:\/\/casanobila.ro\/wp-content\/uploads\/2022\/01\/wifi-768x512.jpg 768w\" sizes=\"(max-width: 770px) 100vw, 770px\" \/><\/p><\/div>\n\t\t\t\t    <\/div>\n\t\t\t\t    \t\t\t\t<\/div>\n\t\t\t<\/div>\n\t\t\t\t\t\t<!-- Item Approach -->\n\t\t\t<div class=\"row item-approach\" data-approach=\"010\">\n\t\t        <div class=\"col-12 col-lg-6\">\n\t\t\t        \t\t\t        <h3 class=\"title title--h3 js-lines\">\n\t\t\t        \t<span >Incalzire centrala<\/span>\n\t\t\t        <\/h3>\n\t\t\t        \t\t\t    <\/div>\n\t\t\t\t<div class=\"col-12 col-lg-6\">\n\t\t\t\t\t\t\t\t\t    <div class=\"paragraph js-scroll-show\">\n\t\t\t\t    \t<div ><p><img loading=\"lazy\" class=\"alignnone size-full wp-image-1631\" src=\"https:\/\/casanobila.ro\/wp-content\/uploads\/2022\/01\/centrala.jpg\" alt=\"\" width=\"910\" height=\"607\" srcset=\"https:\/\/casanobila.ro\/wp-content\/uploads\/2022\/01\/centrala.jpg 910w, https:\/\/casanobila.ro\/wp-content\/uploads\/2022\/01\/centrala-300x200.jpg 300w, https:\/\/casanobila.ro\/wp-content\/uploads\/2022\/01\/centrala-768x512.jpg 768w, https:\/\/casanobila.ro\/wp-content\/uploads\/2022\/01\/centrala-900x600.jpg 900w, https:\/\/casanobila.ro\/wp-content\/uploads\/2022\/01\/centrala-800x534.jpg 800w\" sizes=\"(max-width: 910px) 100vw, 910px\" \/><\/p><\/div>\n\t\t\t\t    <\/div>\n\t\t\t\t    \t\t\t\t<\/div>\n\t\t\t<\/div>\n\t\t\t\t\t\t<!-- Item Approach -->\n\t\t\t<div class=\"row item-approach\" data-approach=\"011\">\n\t\t        <div class=\"col-12 col-lg-6\">\n\t\t\t        \t\t\t        <h3 class=\"title title--h3 js-lines\">\n\t\t\t        \t<span >Rau<\/span>\n\t\t\t        <\/h3>\n\t\t\t        \t\t\t    <\/div>\n\t\t\t\t<div class=\"col-12 col-lg-6\">\n\t\t\t\t\t\t\t\t\t    <div class=\"paragraph js-scroll-show\">\n\t\t\t\t    \t<div ><p><img loading=\"lazy\" class=\"alignnone size-full wp-image-1624\" src=\"https:\/\/casanobila.ro\/wp-content\/uploads\/2022\/01\/rau.jpg\" alt=\"\" width=\"600\" height=\"400\" srcset=\"https:\/\/casanobila.ro\/wp-content\/uploads\/2022\/01\/rau.jpg 600w, https:\/\/casanobila.ro\/wp-content\/uploads\/2022\/01\/rau-300x200.jpg 300w\" sizes=\"(max-width: 600px) 100vw, 600px\" \/><\/p><\/div>\n\t\t\t\t    <\/div>\n\t\t\t\t    \t\t\t\t<\/div>\n\t\t\t<\/div>\n\t\t\t\t\t\t\t\t<\/section>\n\n\t\t\t\t<\/div>\n\t\t\t\t<\/div>\n\t\t\t\t\t<\/div>\n\t\t<\/div>\n\t\t\t\t\t\t\t<\/div>\n\t\t<\/section>\n\t\t\t\t<section class=\"elementor-section elementor-top-section elementor-element elementor-element-e6d630f elementor-section-full_width elementor-section-height-default elementor-section-height-default\" data-id=\"e6d630f\" data-element_type=\"section\">\n\t\t\t\t\t\t<div class=\"elementor-container elementor-column-gap-no\">\n\t\t\t\t\t<div class=\"elementor-column elementor-col-100 elementor-top-column elementor-element elementor-element-99ce14c\" data-id=\"99ce14c\" data-element_type=\"column\">\n\t\t\t<div class=\"elementor-widget-wrap\">\n\t\t\t\t\t\t\t\t\t<\/div>\n\t\t<\/div>\n\t\t\t\t\t\t\t<\/div>\n\t\t<\/section>\n\t\t\t\t<section class=\"elementor-section elementor-top-section elementor-element elementor-element-b5d5e39 elementor-section-full_width elementor-section-height-default elementor-section-height-default\" data-id=\"b5d5e39\" data-element_type=\"section\">\n\t\t\t\t\t\t<div class=\"elementor-container elementor-column-gap-no\">\n\t\t\t\t\t<div class=\"elementor-column elementor-col-100 elementor-top-column elementor-element elementor-element-8b728e6\" data-id=\"8b728e6\" data-element_type=\"column\">\n\t\t\t<div class=\"elementor-widget-wrap elementor-element-populated\">\n\t\t\t\t\t\t\t\t<div class=\"elementor-element elementor-element-eb1bc1f elementor-widget elementor-widget-sochi-cta\" data-id=\"eb1bc1f\" data-element_type=\"widget\" data-widget_type=\"sochi-cta.default\">\n\t\t\t\t<div class=\"elementor-widget-container\">\n\t\t\t\n\t\t<!-- Section CTA -->\n\t    <section class=\"container section\">\n\t        <div class=\"row cta-simply\">\n\t\t\t    <div class=\"col-12 col-lg-7\">\n\t\t\t    \t\t\t\t        <h2 class=\"title title--h2\">\n\t\t\t        \t<span >Vacan\u021ba \u00eencepe aici.<\/span>\n\t\t\t        <\/h2>\n\t\t\t        \t\t\t        \t\t\t\t    <p class=\"paragraph\">\n\t\t\t\t    \t<span >Descoper\u0103 facilit\u0103\u021bile de care dispune pensiunea noastr\u0103.<\/span>\n\t\t\t\t    <\/p>\n\t\t\t\t    \t\t\t\t    \t\t\t\t    <a href=\"\/?page_id=951\" class=\"btn btn__large\"><span >Rezerva<\/span> <i class=\"btn-icon-right icon-arrow-special\"><\/i><\/a>\n\t\t\t\t    \t\t\t\t<\/div>\n\n\t\t\t\t\t\t\t<\/div>\n\t    <\/section>\n\n\t\t\t\t<\/div>\n\t\t\t\t<\/div>\n\t\t\t\t\t<\/div>\n\t\t<\/div>\n\t\t\t\t\t\t\t<\/div>\n\t\t<\/section>\n\t\t\t\t\t\t<\/div>\n\t\t\t\t\t<\/div>\n\t\t","protected":false},"excerpt":{"rendered":"<p>Scroll Solicit\u0103-ne o ofert\u0103 personalizat\u0103 contact@casanobila.ro Pensiunea se poate inchiria complet 0756 911 984 Facilit\u0103\u021bi Express checkin Parcare supravegheata video Acces la bucatarie Frigider Crama Ferma proprie TV in camera Pat bebe Internet wireless Incalzire centrala Rau Vacan\u021ba \u00eencepe aici. Descoper\u0103 facilit\u0103\u021bile de care&#8230; <\/p>\n<div class=\"itemNews__readmore\"><a href=\"https:\/\/casanobila.ro\/?page_id=104\" class=\"btn-link\">READ MORE<\/a><\/div>\n","protected":false},"author":1,"featured_media":0,"parent":0,"menu_order":0,"comment_status":"closed","ping_status":"closed","template":"template-layout-builder.php","meta":[],"acf":[],"_links":{"self":[{"href":"https:\/\/casanobila.ro\/index.php?rest_route=\/wp\/v2\/pages\/104"}],"collection":[{"href":"https:\/\/casanobila.ro\/index.php?rest_route=\/wp\/v2\/pages"}],"about":[{"href":"https:\/\/casanobila.ro\/index.php?rest_route=\/wp\/v2\/types\/page"}],"author":[{"embeddable":true,"href":"https:\/\/casanobila.ro\/index.php?rest_route=\/wp\/v2\/users\/1"}],"replies":[{"embeddable":true,"href":"https:\/\/casanobila.ro\/index.php?rest_route=%2Fwp%2Fv2%2Fcomments&post=104"}],"version-history":[{"count":77,"href":"https:\/\/casanobila.ro\/index.php?rest_route=\/wp\/v2\/pages\/104\/revisions"}],"predecessor-version":[{"id":3391,"href":"https:\/\/casanobila.ro\/index.php?rest_route=\/wp\/v2\/pages\/104\/revisions\/3391"}],"wp:attachment":[{"href":"https:\/\/casanobila.ro\/index.php?rest_route=%2Fwp%2Fv2%2Fmedia&parent=104"}],"curies":[{"name":"wp","href":"https:\/\/api.w.org\/{rel}","templated":true}]}}